m**3/2 + m. Determine x(-2).
6
Let z(t) = -7 - 2*t**3 + 5*t**2 + t**3 + 2*t + 0*t**3. Suppose -14*s + 13*s + 5 = 0. Calculate z(s).
3
Let w(z) = -z**2 + z + 1. Suppose 0 = 4*h + 4 - 0. Let x be w(h). Let d be 2 + (-2 - x) - -3. Let y(k) = 2*k + 2. Calculate y(d).
10
Let q(j) be the third derivative of -j**6/120 + j**5/20 - j**4/8 - j**3/6 + 4*j**2. Let n(o) = o**3 + o**2 + o - 1. Let i(u) = 2*n(u) + q(u). Calculate i(-5).
2
Let j(y) = -2*y - 2 + 4*y + 7 + 1. Calculate j(-5).
-4
Let a(y) = -1. Let s(l) = -l - 2. Let u(n) = -1. Let r(b) = s(b) - 5*u(b). Let c(h) = 4*a(h) + r(h). Give c(-5).
4
Suppose 3*o + o - 40 = 0. Let x(u) = -9 + 0 - 7*u + o*u. Determine x(6).
9
Let z be 8/(-28) + (-48)/(-21). Let n(j) be the first derivative of 1/3*j**3 - 1 + z*j - 1/2*j**2. Give n(2).
4
Let z(w) be the third derivative of -w**5/60 - w**3/6 - 3*w**2. Calculate z(1).
-2
Let h(l) = l**3 - 3*l**2 - 5*l + 4. Suppose 0 = -8*y + 26 + 6. Calculate h(y).
0
Let o(f) = -3*f + 11. Let k(u) = u - 1. Let b(n) = -6*k(n) - o(n). What is b(-5)?
10
Let y(h) = -4*h + h + 2 + h + h. Let t be y(-4). Let b(o) = o - 7. Calculate b(t).
-1
Let o(a) = a - 4. Let b be o(9). Let q(n) be the second derivative of n**5/20 - n**4/3 - n**3 + 7*n**2/2 + 28*n. Give q(b).
2
Let h(b) = 3*b**2 + 8*b - 1. Let g(m) = -m**2 - 4*m. Let t(q) = 5*g(q) + 2*h(q). Suppose -2*w = -3*w + 3*l - 13, 2*l - 10 = 0. Suppose k - 9 = -w*k. Give t(k).
-5
Suppose n + 0*n - 20 = 0. Suppose 5*m = 5*f - n, 3*f - 2*f - 2*m - 3 = 0. Let g(c) = -2*c**2 + 1 + f*c + c**2 - 5. Calculate g(4).
0
Let z(u) = -11*u**2 - 6*u - 9. Let y(x) = -9*x**2 - 6*x - 8. Let w(a) = 6*y(a) - 5*z(a). Let h be 9*((-4)/3)/(-2). What is w(h)?
-3
Let i(p) = -3*p - 3*p + 4*p. Suppose -3 - 1 = -r. Suppose -2*u - 3*v = 16, 5*u + r*v + 34 = 1. Determine i(u).
10
Let m(u) = -u - 6. Suppose 0*x - 3*x + 3 = 0. Let s be x/(-3) + 5/15. What is m(s)?
-6
Suppose -3*f + 5*f - 6 = 0. Let n(m) = -1 + 4 + 191*m + 2*m**2 - 387*m - 6*m**2 + m**3 + 197*m. What is n(f)?
-3
Let q(o) be the second derivative of o**6/360 + o**5/30 - o**4/4 - o**3/6 - o. Let j(g) be the second derivative of q(g). What is j(-5)?
-1
Let f(u) = -u + 6. Let t be f(6). Suppose -5*r = -3*a + 12, -3*r - 1 = -5*a + 19. Let d(w) = 3*w - 5*w + r*w - 7 + 3*w. Calculate d(t).
-7
Let w(v) be the second derivative of v**5/20 + v**3/3 + v**2/2 + 4*v. Determine w(-1).
-2
Let b(s) = s**2 + 2*s - 5. Let u be b(-4). Suppose -i - 6 = u*n, i - 5*i = -3*n - 6. Let w(v) = -v**3 - 3*v**2 - 3*v - 1. Give w(n).
1
Let u(g) = 7*g**3 + 24*g**2 + 23*g + 16. Let n(w) = 4*w**3 + 13*w**2 + 12*w + 8. Let t(z) = 5*n(z) - 3*u(z). Calculate t(-6).
10
Suppose 0 = -4*t + t. Suppose 3*q + t*q = -3. Let h(d) = 4*d - d - 1 + d + 4*d. Calculate h(q).
-9
Let h(p) be the third derivative of p**7/840 - p**6/90 - p**5/20 + p**4/4 + p**3 - 6*p**2. Let x(c) be the first derivative of h(c). Determine x(5).
1
Let m(y) = -y**2 + 4*y + 2. Let i(a) = -a. Let b(w) = -6*i(w) - m(w). Suppose 5*o - 22 = 13. Let f(p) = p**2 - 7*p - 2. Let s be f(o). Calculate b(s).
-2
Let l(d) = 6*d**3 - d - 1. Suppose -3*c + 2 = k, 3*c - 8 = -k - 3*k. Suppose k*f - 5*p = -11, p - 1 = 2. Suppose -f*b - 2 = -0. Determine l(b).
-6
Let m(q) = 11*q. Let k(u) = 1. Let o(n) = k(n) - m(n). Give o(-1).
12
Let r(o) be the first derivative of o**2 + o + 1. Calculate r(-4).
-7
Let x(o) be the second derivative of -o**4/12 + o**3/6 + 2*o**2 + 17*o. Calculate x(-3).
-8
Suppose 3 = -s - 5*w, -3*w + 6*w = -2*s + 1. Suppose -11 = -3*z - n, s*z - 3*n + 8*n = 16. Let t = z + -2. Let g(f) = -8*f + 1. Calculate g(t).
-7
Let q(m) = 4*m - 2. Let t be 1/(-1)*3*-1. Let z(i) = -i**3 - 3*i - 3 + 3 + 0*i**3 + 4*i**2 + 3. Let s be z(t). Calculate q(s).
10
Let t(q) = -q**2 - 4*q - 2. Let m(r) be the third derivative of r**4/3 + r**3/6 + 2*r**2. Let y be m(1). Let k be 2/((y/(-6))/3). What is t(k)?
-2
Let k(d) = d**2 + 2*d - 2. Let h(y) = y**2 + y. Let n be h(-2). Give k(n).
6
Let m(k) be the third derivative of -k**6/40 + k**5/60 - 2*k**2 + 18. Let t(j) = -j**3 - 5*j**2 + 5*j - 5. Let v be t(-6). Give m(v).
-2
Let u(j) = 2*j + 2 - 3*j - 5. Let g = 77 - 80. Calculate u(g).
0
Let i(z) = z**3 - z**2 + 0*z + 8 - 4*z**2 - 6*z + 0*z. Calculate i(6).
8
Let w(f) = -1 + 155*f - 153*f - 4 + 7. Determine w(2).
6
Let o(i) be the third derivative of -i**5/60 - i**4/12 + i**3/6 - 4*i**2 - 6*i. Let q = 7 - 5. Give o(q).
-7
Let q(s) = 2*s**2 + 8*s - 2. Let w(b) = -19*b**2 + 16*b**2 - 9*b - 1 + 3. Let n(r) = -5*q(r) - 4*w(r). Determine n(3).
8
Let d(u) = u**3 - 5*u**2 - 4*u - 8. Suppose 0 = -2*z + 3*a + 27, 0*z + z + 4*a = -14. Give d(z).
4
Suppose 0 = -3*d - 5*p + 21, -13 = -2*d - 6*p + 3*p. Let c(r) be the first derivative of 2*r - 1/4*r**4 + 2/3*r**3 + d - 3/2*r**2. Calculate c(2).
-4
Let b(l) = -l**3 + 8*l**2 - 8*l + 9. Let s be b(7). Suppose u + s*u = 42. Let d(i) = i - i - 15 - 2*i + u - i**2. Calculate d(-3).
-4
Suppose j + 5*s - 30 + 5 = 0, -17 = -j - 3*s. Let v(u) = -3*u + 6. Calculate v(j).
-9
Let i(z) = -3*z + 6. Let s(f) = -3*f + 7. Let c(p) = -6*i(p) + 5*s(p). Suppose -2*m = 12 - 10. Give c(m).
-4
Let c(s) = -s**2 + 5*s - 1. Let q(o) be the second derivative of o**3/6 + 11*o**2/2 - 7*o. Let i be q(-5). What is c(i)?
-7
Let r be (-16 + 16)/((-1)/(2/(-4))). Let a(j) = j + 9. Give a(r).
9
Let d(y) = -2*y**2 + y - 1. Let p = -3 + 9. Suppose -2*m + p = m. Calculate d(m).
-7
Let s(n) be the third derivative of -1/24*n**4 + 0 - 5/6*n**3 + 0*n - n**2. Suppose 0 = -3*p - p - 16. Determine s(p).
-1
Suppose -r - 5*j - 1 = -2*j, 5*j = 5*r - 15. Let c(v) = 1 + 2*v**3 - 2*v + 2*v**2 - v**2 + 1 - 2*v**r. Give c(2).
10
Let d(j) = -j**2 - 3*j + 3. Let p(m) be the second derivative of -m**3/3 + 7*m**2 - 7*m. Let i be p(6). What is d(i)?
-7
Suppose -5*b + r - 16 = 0, -3*b - 2*r = -5*b. Let d(a) = a**2 + 2*a. Give d(b).
8
Let z(y) = 6 - 6*y + 2*y**2 + 8*y - 7. What is z(-2)?
3
Suppose 16*g - 12*g - 8 = 0. Let s(u) = 4*u**3 - 20*u**g + 15*u**2 + 6 - 3*u**3. Give s(5).
6
Suppose -5*o + 27 = -28. Suppose -3*m + o = -1. Let w(k) = k - 3. Calculate w(m).
1
Let m(u) = u**3 + 3*u**2 - 6*u - 2. Let l be m(-4). Let c(y) = y**3 - 7*y**2 + 8*y - 9. What is c(l)?
3
Let q(a) = 1 + 0*a + 0 - 2*a. Let o = 0 - 4. Let n = o - -7. Determine q(n).
-5
Let j(v) = -v**2 + 3*v - 3. Let r = 1 - -1. What is j(r)?
-1
Let o(u) = 2*u**2 - u. Let a be o(-1). Let v(i) = i**3 + 15*i + 0*i**a + 3 + 2 - 12*i - 5*i**2. Give v(4).
1
Let h(g) = 2*g + 8 - 4*g - g**2 + 5*g - 5. Suppose 0 = 17*s - 4*s - 65. Determine h(s).
-7
Let q(b) be the first derivative of b + 1 + 1/3*b**3 - b**2. Determine q(3).
4
Let p = -17 + 21. Let o(b) = -p*b + 2*b**2 - 2 - b**3 + 2 + 3 + 0*b**2. Give o(2).
-5
Let z(d) = -5*d - 17. Let u(b) = 9*b + 33. Let p(y) = 6*u(y) + 11*z(y). Let x be -1*2/2*-5. What is p(x)?
6
Let j(l) = -l + 6. Suppose 1 = -2*t + 13. What is j(t)?
0
Let s(q) be the second derivative of -q**5/4 + 2*q**2 - q. Let n(c) = 4*c**3 + c**2 - 4. Let g(x) = -4*n(x) - 3*s(x). Give g(-4).
4
Let c(h) be the second derivative of h**7/2520 + h**6/720 + h**5/30 + h**4/3 - 4*h. Let i(b) be the third derivative of c(b). What is i(0)?
4
Let y = 5 + 1. Let m(d) = d - 2. What is m(y)?
4
Let t = -31 - -21. Let i = 7 + t. Let l(v) = -v**2 - 2*v + 1. Calculate l(i).
-2
Let j(o) = -2*o**3 - 8*o**2 + 3*o - 4. Let s(x) = 3*x**3 + 9*x**2 - 3*x + 5. Let k(r) = -5*j(r) - 4*s(r). Suppose -7*z = -10*z + 6. Give k(z).
-6
Let k(y) = -5*y**3 + 25*y**2 + 33*y + 31. Let t(h) = -2*h**3 + 8*h**2 + 11*h + 10. Let r(v) = -3*k(v) + 8*t(v). Calculate r(-10).
-3
Let k(l) = -l + 1. Let g(t) = -t**2 - 6*t - 2. Let n be g(-4). What is k(n)?
-5
Let k(l) be the second derivative of l**4/24 + 5*l**3/6 - 3*l**2/2 - 3*l. Let z(t) be the first derivative of k(t). Give z(0).
5
Let d(g) be the first derivative of g**4/4 - 7*g**3/3 - 9*g**2/2 + 2*g + 40. Calculate d(8).
-6
Suppose -4*g - 4 = 0, g = -3*i + 8*i - 61. Let s be ((-1)/2)/((-2)/i). Let b(t) = -t**3 + 3*t**2 + 2*t + 2. What is b(s)?
8
Let r(p) = p**2 - 5*p + 4. Let z be r(4). Suppose z = 3*f + 9. Let c(v) = -v**3 - 3*v**2 + 2*v - 1. What is c(f)?
-7
Suppose 14 = 5*h - 4*h + 4*m, 0 = -2*h + 5*m + 2. Suppose -12*l = 8 - 32. Suppose h*f + 16 = l*f. Let z(c) = -c**2 - 3*c - 3. What is z(f)?
-7
Let a = 19 + -13. Let u(r) = r + 8. Determine u(